61.
17
What is the remainder when 53382 is divided by 13345?
2
Calculate the remainder when 38687 is divided by 603.
95
What is the remainder when 365180 is divided by 483?
32
What is the remainder when 932981 is divided by 133?
119
Calculate the remainder when 12902 is divided by 4122.
536
Calculate the remainder when 60141 is divided by 16.
13
Calculate the remainder when 11079 is divided by 8.
7
What is the remainder when 20990 is divided by 181?
175
What is the remainder when 314531 is divided by 13105?
11
What is the remainder when 1018 is divided by 92?
6
Calculate the remainder when 2365 is divided by 33.
22
What is the remainder when 6848 is divided by 6833?
15
Calculate the remainder when 2780 is divided by 689.
24
Calculate the remainder when 91109 is divided by 28.
25
Calculate the remainder when 433697 is divided by 144564.
5
What is the remainder when 26303 is divided by 92?
83
Calculate the remainder when 340024 is divided by 170006.
12
Calculate the remainder when 7934 is divided by 16.
14
What is the remainder when 105945 is divided by 602?
595
Calculate the remainder when 8241 is divided by 515.
1
What is the remainder when 1875 is divided by 32?
19
What is the remainder when 38486 is divided by 192?
86
What is the remainder when 1076 is divided by 555?
521
What is the remainder when 120379 is divided by 37?
18
Calculate the remainder when 26832 is divided by 13406.
20
Calculate the remainder when 205348 is divided by 73.
72
What is the remainder when 42766 is divided by 725?
716
What is the remainder when 135093 is divided by 100?
93
Calculate the remainder when 83005 is divided by 1025.
1005
What is the remainder when 10073 is divided by 38?
3
Calculate the remainder when 8612 is divided by 139.
133
What is the remainder when 3023 is divided by 278?
243
Calculate the remainder when 13034 is divided by 356.
218
Calculate the remainder when 13998 is divided by 4329.
1011
What is the remainder when 61761 is divided by 409?
2
What is the remainder when 76620 is divided by 15311?
65
What is the remainder when 1813 is divided by 748?
317
Calculate the remainder when 4559 is divided by 1872.
815
Calculate the remainder when 60254 is divided by 46.
40
Calculate the remainder when 64927 is divided by 2596.
27
What is the remainder when 16985 is divided by 673?
160
Calculate the remainder when 20862 is divided by 20692.
170
What is the remainder when 14394 is divided by 2?
0
What is the remainder when 634109 is divided by 54?
41
What is the remainder when 19558 is divided by 306?
280
What is the remainder when 57736 is divided by 44?
8
Calculate the remainder when 12935 is divided by 275.
10
What is the remainder when 35274 is divided by 11738?
60
Calculate the remainder when 130959 is divided by 65475.
9
What is the remainder when 38834 is divided by 71?
68
What is the remainder when 790 is divided by 72?
70
Calculate the remainder when 68370 is divided by 33.
27
Calculate the remainder when 13590 is divided by 1505.
45
What is the remainder when 4083 is divided by 238?
37
What is the remainder when 2181 is divided by 592?
405
Calculate the remainder when 138378 is divided by 76.
58
Calculate the remainder when 31076 is divided by 7769.
0
Calculate the remainder when 303217 is divided by 2.
1
Calculate the remainder when 118490 is divided by 33.
20
What is the remainder when 1151793 is divided by 119?
111
Calculate the remainder when 20252 is divided by 20205.
47
What is the remainder when 6391 is divided by 160?
151
What is the remainder when 6723 is divided by 1091?
177
Calculate the remainder when 18950 is divided by 3151.
44
What is the remainder when 355734 is divided by 22?
16
Calculate the remainder when 3756 is divided by 307.
72
What is the remainder when 90937 is divided by 199?
193
Calculate the remainder when 858 is divided by 17.
8
What is the remainder when 558 is divided by 446?
112
Calculate the remainder when 213718 is divided by 274.
272
What is the remainder when 970 is divided by 456?
58
Calculate the remainder when 1825 is divided by 54.
43
Calculate the remainder when 20416 is divided by 3397.
34
Calculate the remainder when 88302 is divided by 22.
16
What is the remainder when 6765 is divided by 125?
15
Calculate the remainder when 77331 is divided by 11046.
9
What is the remainder when 7134 is divided by 170?
164
What is the remainder when 244933 is divided by 48983?
18
What is the remainder when 183498 is divided by 12?
6
What is the remainder when 53544 is divided by 196?
36
Calculate the remainder when 882439 is divided by 203.
201
Calculate the remainder when 11618 is divided by 65.
48
What is the remainder when 7619 is divided by 82?
75
What is the remainder when 24290 is divided by 222?
92
Calculate the remainder when 4655 is divided by 1230.
965
What is the remainder when 246374 is divided by 184?
182
What is the remainder when 2071 is divided by 115?
1
What is the remainder when 2428 is divided by 619?
571
Calculate the remainder when 9521 is divided by 23.
22
What is the remainder when 1258 is divided by 38?
4
What is the remainder when 1667324 is divided by 17?
15
What is the remainder when 777 is divided by 47?
25
Calculate the remainder when 21155 is divided by 230.
225
What is the remainder when 4578 is divided by 85?
73
Calculate the remainder when 1265 is divided by 1112.
153
Calculate the remainder when 826118 is divided by 20.
18
Calculate the remainder when 7615 is divided by 113.
44
What is the remainder when 19990 is divided by 3209?
736
Calculate the remainder when 951 is divided by 17.
16
What is the remainder when 433144 is divided by 42?
40
What is the remainder when 42266 is divided by 222?
86
What is the remainder when 8877571 is divided by 831?
829
Calculate the remainder when 1169092 is divided by 1268.
1264
What is the remainder when 119732 is divided by 107?
106
What is the remainder when 7310 is divided by 2314?
368
What is the remainder when 278643 is divided by 17?
13
Calculate the remainder when 185603 is divided by 503.
499
What is the remainder when 110287 is divided by 55138?
11
What is the remainder when 33334 is divided by 484?
422
Calculate the remainder when 3756 is divided by 927.
48
Calculate the remainder when 19251 is divided by 1283.
6
Calculate the remainder when 13811 is divided by 6.
5
What is the remainder when 9721 is divided by 162?
1
Calculate the remainder when 1580 is divided by 265.
255
Calculate the remainder when 7468 is divided by 25.
18
Calculate the remainder when 37106 is divided by 408.
386
Calculate the remainder when 8534 is divided by 8445.
89
What is the remainder when 27063 is divided by 820?
3
What is the remainder when 16626 is divided by 1498?
148
Calculate the remainder when 275218 is divided by 990.
988
Calculate the remainder when 1351 is divided by 47.
35
Calculate the remainder when 66715 is divided by 10.
5
Calculate the remainder when 33477 is divided by 79.
60
Calculate the remainder when 634 is divided by 453.
181
What is the remainder when 8287 is divided by 62?
41
Calculate the remainder when 25769 is divided by 25.
19
Calculate the remainder when 6309 is divided by 210.
9
Calculate the remainder when 2332803 is divided by 134.
131
What is the remainder when 593228 is divided by 91?
90
What is the remainder when 167256 is divided by 41810?
16
What is the remainder when 788 is divided by 10?
8
What is the remainder when 464054 is divided by 38?
36
What is the remainder when 40649 is divided by 1844?
81
What is the remainder when 13000 is divided by 72?
40
What is the remainder when 19586 is divided by 4808?
354
Calculate the remainder when 12726 is divided by 473.
428
What is the remainder when 849 is divided by 355?
139
Calculate the remainder when 213897 is divided by 372.
369
Calculate the remainder when 202206 is divided by 9627.
39
What is the remainder when 10503 is divided by 66?
9
Calculate the remainder when 12328 is divided by 6.
4
Calculate the remainder when 1265108 is divided by 24.
20
What is the remainder when 1758 is divided by 1099?
659
What is the remainder when 28021 is divided by 545?
226
What is the remainder when 1976973 is divided by 13?
11
Calculate the remainder when 35306 is divided by 32.
10
What is